(t) = t**2 - 4*t - 1. Let h be l(2). Let p(x) = x**3 + 5*x**2 + x + 7. Give p(h).
2
Let b(g) = -g. Let z(c) = 8*c + 3. Let u(q) = 6*b(q) + z(q). Give u(-5).
-7
Suppose -t + 0*f - f = 0, 0 = -2*t - 5*f - 9. Let q be (-4)/(-1*(3 - 1)). Let a(j) = 5*j + 1 - q*j - j. Calculate a(t).
7
Let u(m) be the third derivative of -m**6/360 - m**5/40 + m**4/12 - m**3/3 - m**2. Let r(g) be the first derivative of u(g). Determine r(-2).
4
Let u be 1*(-2 - -1) - 3. Let p be -1 - (u/2 + -1). Let j(g) = 2 - 2*g + g**p - 2*g + g + g. Calculate j(3).
5
Let o(u) be the second derivative of u**3/3 - 6*u**2 - 4*u. Let s = 49 - 41. Give o(s).
4
Let p = 1 - -3. Suppose 0 = -k + p*k - 15. Let l(d) be the first derivative of d**4/4 - 4*d**3/3 - 5*d**2/2 + 3*d - 1. What is l(k)?
3
Let a(p) = -3*p**2 - p + 2. Suppose -s + 69 = 4*y + 4*s, -s = -3*y + 47. Suppose -6*v = -2*v - y. Suppose j = 2*j - v*m + 6, 0 = -4*m + 4. Determine a(j).
-8
Let g(o) be the second derivative of o**7/2520 + o**6/120 - o**5/60 - o**4/6 + 3*o. Let v(r) be the third derivative of g(r). What is v(-3)?
-11
Let i(g) be the second derivative of -g**7/2520 + 7*g**6/720 - g**5/20 - g**4/12 + g. Let h(r) be the third derivative of i(r). What is h(4)?
6
Let q(h) = -3 + h**3 + 2 + 8*h + 7 + 6*h**2. Suppose 16 = -0*z + 4*z. Suppose 2*g + 13 = -m, -2*m = 2*m - z*g + 4. What is q(m)?
-9
Let m(g) = g**3 + 6*g**2 - 3*g - 3. Let i be m(-6). Suppose 2*d = u + 11, -2*d - 4*u = -u - i. Let a(l) = -l + 1. Determine a(d).
-5
Let o(p) = p**3 - p**2 - p + 3. Suppose 6 = -0*x + 2*x. Suppose x = 5*b + 4*r + 15, 0 = 3*b - 4*r - 12. Calculate o(b).
3
Let v(d) = d**2 + d + 1. Let t be v(0). Let x(b) = 2*b**2 + b - 2. Let k(z) = -6*z**2 - 4*z + 7. Let q(h) = -2*k(h) - 7*x(h). What is q(t)?
-1
Let i(r) = -r**3 - 6*r**2 - 3. Suppose 13 + 9 = 2*n. Let p = -17 + n. Calculate i(p).
-3
Let h(g) = -8*g + 0 + 257*g**2 - 4 - 256*g**2. Determine h(6).
-16
Suppose -19 = -4*r - u - 2*u, 0 = -2*r - 5*u + 27. Let p(m) = -81*m**2 + 33*m - 33. Let b(i) = 5*i**2 - 2*i + 2. Let s(t) = 33*b(t) + 2*p(t). What is s(r)?
3
Let l(c) = c**3 - 6*c**2 + 2*c + 3. Let g(w) = 4 - 2*w + 7 - w**2 + 0*w**2 - 3*w. Let f be g(-6). Calculate l(f).
-12
Let m(j) = -j**3 - 7*j**2 - j - 6. Let q be m(-7). Let b = -9 + 11. Let i(t) = 3*t + 2 - b*t - 2 - 7*t**3 - 2*t**2. Give i(q).
-8
Suppose 5*a + 10 = 5*q, 0 = -2*a + 4*a - 4*q + 6. Let l = 3 - a. Let c(t) = -3*t + l*t - t**2 + 6 + 0*t. Determine c(0).
6
Let a(p) be the second derivative of p**5/20 + p**4/12 - p**3/3 + p + 30. What is a(2)?
8
Suppose -3*i = 4 + 2. Let b = 5 + i. Let o(h) = h + 4*h**2 - 6*h**2 - 2*h + 2*h**b - 2. Give o(2).
4
Suppose 1 = -2*d + 7. Suppose f = -4, -d*s + 6*s + 3*f = 3. Let v(z) = -z**2 + 6*z - 4. Give v(s).
1
Let p(m) = m**3 - 11*m**2 - 4. Suppose b = 2*y - 24, 5*y + 0*y - 4*b - 63 = 0. Calculate p(y).
-4
Let u be (-18)/14 - (-2)/7. Let t(q) = -2*q**3 - q**2 - 2*q + 1. Let d(x) = x**3 + x**2 + x - 1. Let m(c) = -3*d(c) - 2*t(c). What is m(u)?
-2
Let x(a) = 3*a**2 + 3*a - 4. Let t(y) = -2*y**2 - 3*y + 4. Let o(q) = 4*t(q) + 3*x(q). Let j = -10 - -14. What is o(j)?
8
Let z(m) = 4*m - 2. Let b be (7 - 6)/(1/2). Determine z(b).
6
Let y = -21 + 14. Let s = y + 8. Suppose -j + s - 2 = 0. Let m(n) = -4*n. Calculate m(j).
4
Let a = -2 + 2. Let i = a - 0. Let v(k) = -1 - 2 + i*k**2 + k**2 + 2*k. What is v(-3)?
0
Let h(g) = -g + 14. Let p = 15 - 15. Calculate h(p).
14
Let j(d) = -21*d + 6. Let f(t) = -t. Let c(s) = 18*f(s) - j(s). Let n be c(5). Suppose 0 = 3*m + n. Let o(v) = -v. What is o(m)?
3
Suppose 0 = 2*h + j - 21, 36 = 4*h + 3*j - 11. Suppose -4*z + h*z + 16 = 0. Let x(y) = y**2 + 6*y + 4. Give x(z).
-4
Let a(j) = j**3 - 2*j**2 - 2*j + 2. Suppose 7 + 9 = 8*p. What is a(p)?
-2
Let p(g) = -g**2 - 2*g + 1. Let i(w) = 3*w - 3. Let d be i(4). Let y be (2/(-6))/((-1)/d). Let l be y/(-1) - (-3 - -3). Give p(l).
-2
Let r(d) be the third derivative of -d**4/12 - 7*d**3/6 - 7*d**2. What is r(-5)?
3
Suppose -5*n = -4*r, -r = 5*n + 4*r. Suppose 5*h - 4*h = -5*y - 19, n = y + h + 3. Let i(l) = l - 3. Calculate i(y).
-7
Let m(b) be the third derivative of -b**8/6720 - b**7/2520 - b**6/720 - b**5/120 + b**4/8 - b**2. Let o(z) be the second derivative of m(z). Determine o(-2).
5
Let a(s) = s**3 + 5*s**2 + 2*s - 2. Let n be a(-2). Let r(j) = n*j + 0*j + j**3 - 2*j + 3*j**2 + 3. Calculate r(-3).
-9
Suppose 0 = -22*y + 50 + 16. Let g(r) be the second derivative of -r**5/20 + r**4/12 + 5*r**3/6 - 3*r**2/2 + r. Give g(y).
-6
Let m(p) = -4*p + 3*p + 9 - 9. Let z be 80/14 + (-2)/(-7). Determine m(z).
-6
Suppose 5*i = 7 - 87. Let v = -10 - i. Let t(b) = -b**2 + 6*b + 5. Determine t(v).
5
Let z(c) = 2*c - 2. Let r(l) = l - 3. Let d be 1/2*(-8)/(-2). Let x = -10 - -7. Let h(t) = d*r(t) + x*z(t). Determine h(-1).
4
Let d(y) = y - 10*y + 5*y + y. Give d(-2).
6
Let i = -25 - -27. Let b(o) = -o**2 + 2*o. What is b(i)?
0
Suppose 0 = -n + 5*n - 12. Let k(z) = 1 + z + 0*z**n - z**3 + 0 - 4*z**2. Suppose 0 = 7*a - 3*a + 16. Give k(a).
-3
Let h be (18 + 0)/6*4/3. Let b(y) be the first derivative of -y**2 - y + h - 2/3*y**3 + 1/4*y**4. Give b(-1).
-2
Let q(p) = 1 - p - 4 + 0*p. Calculate q(-6).
3
Let v(d) be the second derivative of d**5/20 - 5*d**4/12 - d**3/3 + d**2/2 - 4*d. Let j(f) = -f**3 + f**2. Let x(y) = 6*j(y) + v(y). Calculate x(1).
-5
Let x(k) = k**3 + 6*k**2 + k + 4. Let g(s) = -5*s**3 - 29*s**2 - 5*s - 19. Let f(h) = 2*g(h) + 11*x(h). What is f(-8)?
-2
Let c(m) be the second derivative of -m**4/12 + m**3/6 + m**2/2 + m. Let y = 7 - 6. Let f be (y - 0)*(6 - 8). What is c(f)?
-5
Let p(y) = -y**2 - 4*y - 3. Suppose -11 = -2*n - 1. Let g(f) = -f**2 + 4*f + 2. Let w be g(n). What is p(w)?
0
Suppose -6*m + 8 = 32. Let t(j) = -j**3 - 5*j**2 - 6*j - 4. Calculate t(m).
4
Let v = 8 + -5. Suppose 0 = v*z + 3*w - 3, z - 1 - 3 = 2*w. Let g(o) = -4*o + o + o**z + 9 + 4*o + o**3 - 4. Calculate g(0).
5
Let w(z) = z**2 - z - 4. Let h(r) = 3*r**2 - 3*r - 11. Let f(p) = -4*h(p) + 11*w(p). What is f(4)?
-12
Let y(q) be the first derivative of -q**4/12 - q**3/3 + 3*q - 4. Let m(g) be the first derivative of y(g). Give m(-3).
-3
Let h(p) = p**2 - p + 4. Let v(f) = -f**2 - 5*f + 6. Let g be v(-6). Give h(g).
4
Let t(z) = z**3 + 5*z**2 + 2*z - 4. Let q(x) = 4*x**3 + 16*x**2 + 5*x - 13. Let c(y) = 2*q(y) - 7*t(y). Give c(3).
-10
Let l(w) = 4*w + 5. Let d(u) = -3*u - 4. Let b(g) = 3*d(g) + 2*l(g). Let r = -3 - 0. Determine b(r).
1
Let i(s) = s**2 + s. Suppose 12 = 4*w, l - 3*w = 3*l - 13. Let v be i(l). Let p be 0/(2/(v/3)). Let u(r) = -r**2 + r + 7. What is u(p)?
7
Let m(r) = r**3 + 2*r - 4*r**3 + 1 - 6 + 4*r**3 - 5*r**2. Let y(a) = -12*a**2 + 3*a + 3. Let t be y(-2). Let k be -10*(3 - t/(-15)). Calculate m(k).
-13
Let f(m) = m**2 - 2*m - 3. Let b be -2 - (-2 - 0/2). Let l = -3 - b. Calculate f(l).
12
Let w(s) = -4*s**2 - 4*s - 5. Let g(r) = 9*r**2 + 7*r + 10. Let o(u) = -3*g(u) - 7*w(u). Determine o(-7).
5
Let k(n) = -n**2 + 3*n + 1. Let j(m) = -5*m**3 - m**2 - m - 1. Let s be j(-1). Determine k(s).
-3
Let w(l) = l + 2. Let h(i) = -1 + 8 - 1 - i. Let t be h(6). Suppose t*g + 5*g = 0. Give w(g).
2
Let o(s) = s**2 + 3*s - 6. Let p = -5 - -7. Let u = -6 + p. Let k be (10/u)/((-2)/(-4)). Determine o(k).
4
Let o(b) = -9 - b + 2 + 0. Suppose 0 = 6*d + 43 - 19. What is o(d)?
-3
Let a = -6 - -8. Let g(p) = -a + 3*p**2 + 0*p - 4*p - 2*p**2 - p. What is g(5)?
-2
Let q(y) be the first derivative of -y**5/120 + y**4/6 - y**3/3 - 2. Let m(r) be the third derivative of q(r). Let k be (-1)/2*12/(-2). Calculate m(k).
1
Suppose u + 1 = -2. Let i(f) = f**2 + 4*f. Let q be i(-4). Let m(t) = t + 1 + 0*t**2 + q*t**2 + 0*t**2 - t**2. Give m(u).
-11
Let p(n) = -n**3 - 4*n**2 + 4*n - 2. Let q be p(-5). Let s(l) = q*l**2 + 4 - 5 - 4*l**2 - 4*l + 3*l**2. What is s(3)?
5
Suppose 0 = a + 3*n, -2*a - 5*n + 1 = 4. Let m(t) = 2*t**2 + 3 + 0*t**2 + 2*t + t**2. Let p(u) = 13*u**2 + 9*u + 13. Let h(r) = a*m(r) + 2*p(r). What is h(-3)?
-10
Let y(r) = -r + 6. Let x be ((-42)/(-9))/(12/18). Suppose 11 = 3*h - 3*q - x, 24 = 4*h + 4*q. What is y(h)?
0
Let k(m) be the third derivative of -m**6/120 + m**5/60 + m**3/6 + 6*m**2. What is k(2)?
-3
Let j(g) = -g**2 + g - 4. Suppose 2*y - 5*y = -6. Let r be (-1 + 0)*(-1 - y). Calculate j(r).
-10
Suppose -5*c + 2*s - 11 = 0, 